or of 2358 and 180?
18
Calculate the highest common divisor of 34 and 68.
34
Calculate the highest common divisor of 4020 and 30.
30
Calculate the highest common divisor of 3995 and 10.
5
Calculate the greatest common divisor of 893 and 1927.
47
Calculate the highest common factor of 3765 and 30.
15
Calculate the greatest common factor of 26 and 14.
2
Calculate the greatest common divisor of 1921 and 17.
17
What is the highest common divisor of 518 and 888?
74
What is the greatest common divisor of 137 and 8083?
137
What is the greatest common factor of 84 and 196?
28
What is the highest common factor of 25 and 65?
5
Calculate the greatest common divisor of 603 and 9.
9
Calculate the greatest common divisor of 413 and 14.
7
What is the highest common factor of 203 and 28?
7
What is the greatest common factor of 21 and 8057?
7
Calculate the greatest common factor of 495 and 225.
45
Calculate the greatest common factor of 1001 and 66.
11
Calculate the greatest common divisor of 52 and 169.
13
Calculate the highest common divisor of 22 and 1012.
22
What is the greatest common factor of 286 and 260?
26
What is the highest common divisor of 148 and 24?
4
Calculate the greatest common divisor of 102 and 2.
2
Calculate the greatest common divisor of 10 and 1630.
10
Calculate the greatest common factor of 1265 and 110.
55
Calculate the highest common divisor of 136 and 153.
17
What is the greatest common divisor of 925 and 740?
185
What is the highest common divisor of 33 and 275?
11
What is the greatest common divisor of 56 and 2821?
7
What is the greatest common factor of 27 and 552?
3
What is the greatest common factor of 2812 and 152?
76
Calculate the greatest common divisor of 53 and 159.
53
What is the highest common divisor of 26 and 20?
2
What is the greatest common factor of 15 and 125?
5
What is the greatest common factor of 99 and 1584?
99
Calculate the greatest common divisor of 4503 and 361.
19
What is the highest common divisor of 36 and 9?
9
Calculate the greatest common factor of 329 and 7.
7
Calculate the highest common factor of 30 and 1590.
30
What is the highest common divisor of 154 and 242?
22
What is the greatest common divisor of 8 and 32?
8
What is the highest common factor of 6 and 16914?
6
What is the highest common factor of 480 and 30?
30
What is the greatest common factor of 48 and 256?
16
What is the highest common divisor of 55 and 143?
11
What is the greatest common divisor of 10282 and 776?
194
Calculate the highest common divisor of 115 and 8671.
23
What is the highest common factor of 5073 and 38?
19
What is the highest common divisor of 12 and 8?
4
Calculate the highest common divisor of 1168 and 16.
16
Calculate the highest common factor of 203 and 119.
7
What is the highest common divisor of 8841 and 21?
21
What is the greatest common divisor of 36 and 3576?
12
What is the greatest common factor of 61 and 3904?
61
What is the highest common factor of 27 and 96?
3
Calculate the highest common divisor of 282 and 12.
6
What is the greatest common divisor of 170 and 20?
10
What is the greatest common divisor of 21 and 483?
21
What is the greatest common factor of 266 and 950?
38
What is the greatest common factor of 162 and 216?
54
Calculate the highest common factor of 711 and 79.
79
What is the greatest common divisor of 96 and 324?
12
What is the highest common divisor of 720 and 96?
48
Calculate the greatest common divisor of 10 and 10280.
10
Calculate the highest common divisor of 1 and 79.
1
What is the highest common factor of 30 and 3630?
30
Calculate the highest common divisor of 2074 and 2867.
61
What is the highest common factor of 73 and 584?
73
Calculate the highest common divisor of 30 and 216.
6
What is the highest common factor of 2 and 4?
2
Calculate the greatest common divisor of 144 and 1200.
48
What is the highest common divisor of 5090 and 10?
10
Calculate the greatest common divisor of 11634 and 42.
42
What is the greatest common divisor of 84 and 476?
28
Calculate the highest common divisor of 6 and 45.
3
What is the highest common factor of 52 and 7020?
52
Calculate the greatest common factor of 9734 and 310.
62
Calculate the greatest common divisor of 800 and 760.
40
What is the highest common factor of 3741 and 174?
87
Calculate the highest common divisor of 1224 and 459.
153
Calculate the highest common factor of 494 and 171.
19
What is the greatest common divisor of 124 and 682?
62
What is the highest common divisor of 15 and 75?
15
What is the highest common factor of 920 and 2120?
40
What is the greatest common factor of 54 and 37422?
54
What is the greatest common factor of 6 and 102?
6
What is the highest common divisor of 57 and 3?
3
Calculate the highest common divisor of 9379 and 113.
113
Calculate the greatest common factor of 29 and 18589.
29
Calculate the highest common factor of 18 and 198.
18
What is the highest common factor of 14 and 5446?
14
What is the greatest common divisor of 48 and 3504?
48
What is the greatest common factor of 561 and 153?
51
Calculate the greatest common divisor of 1287 and 198.
99
Calculate the greatest common divisor of 20 and 2500.
20
Calculate the greatest common divisor of 98 and 12103.
49
What is the greatest common factor of 1204 and 28?
28
Calculate the greatest common divisor of 636 and 2385.
159
Calculate the highest common divisor of 1771 and 77.
77
What is the highest common divisor of 13 and 247?
13
Calculate the highest common divisor of 26 and 18.
2
Calculate the highest common divisor of 33348 and 84.
84
What is the greatest common factor of 1812 and 8?
4
Calculate the greatest common divisor of 660 and 78.
6
Calculate the greatest common divisor of 60 and 75.
15
What is the highest common divisor of 20 and 290?
10
What is the highest common factor of 18 and 990?
18
What is the greatest common divisor of 10240 and 40?
40
What is the highest common divisor of 1207 and 568?
71
Calculate the highest common divisor of 112 and 378.
14
Calculate the greatest common factor of 150 and 15.
15
What is the highest common factor of 3512 and 8?
8
What is the greatest common divisor of 222 and 296?
74
Calculate the highest common divisor of 28 and 378.
14
What is the highest common factor of 84 and 294?
42
Calculate the highest common factor of 1057 and 168.
7
Calculate the highest common divisor of 3 and 53.
1
What is the greatest common factor of 40 and 7060?
20
What is the highest common factor of 1195 and 5?
5
Calculate the greatest common factor of 45 and 9780.
15
Calculate the highest common factor of 12 and 3228.
12
What is the greatest common factor of 12 and 44?
4
What is the highest common factor of 32 and 6?
2
What is the highest common factor of 1198 and 2?
2
What is the greatest common divisor of 45 and 15?
15
What is the greatest common divisor of 186 and 3968?
62
What is the greatest common factor of 129 and 1849?
43
Calculate the highest common divisor of 140 and 5936.
28
What is the highest common factor of 17 and 4624?
17
What is the highest common divisor of 30 and 15?
15
What is the highest common factor of 30 and 2220?
30
What is the highest common divisor of 130 and 3458?
26
Calculate the highest common factor of 3916 and 77.
11
What is the highest common factor of 12623 and 13?
13
Calculate the greatest common divisor of 1568 and 49.
49
Calculate the highest common divisor of 6633 and 27.
9
Calculate the highest common factor of 1320 and 550.
110
Calculate the highest common factor of 195 and 22685.
65
Calculate the highest common divisor of 22 and 286.
22
Calculate the greatest common divisor of 87 and 232.
29
Calculate the greatest common divisor of 36 and 132.
12
Calculate the greatest common divisor of 171 and 21546.
171
What is the greatest common factor of 226 and 6?
2
Calculate the greatest common factor of 19 and 2641.
19
Calculate the greatest common factor of 423 and 117.
9
What is the greatest common factor of 493 and 17?
17
What is the greatest common factor of 3668 and 84?
28
Calculate the greatest common factor of 9971 and 169.
169
Calculate the highest common factor of 24 and 147.
3
What is the greatest common factor of 2420 and 110?
110
Calculate the greatest common factor of 25 and 19.
1
Calculate the gre